{"id":279,"date":"2024-03-05T16:41:25","date_gmt":"2024-03-05T19:41:25","guid":{"rendered":"https:\/\/intersan.ind.br\/?page_id=279"},"modified":"2024-03-05T17:18:54","modified_gmt":"2024-03-05T20:18:54","slug":"blog","status":"publish","type":"page","link":"https:\/\/intersan.ind.br\/?page_id=279","title":{"rendered":"Blog"},"content":{"rendered":"\t\t<div data-elementor-type=\"wp-page\" data-elementor-id=\"279\" class=\"elementor elementor-279\" data-elementor-post-type=\"page\">\n\t\t\t\t\t\t<section class=\"elementor-section elementor-top-section elementor-element elementor-element-c38b067 elementor-section-height-min-height elementor-section-items-stretch elementor-section-content-middle elementor-section-boxed elementor-section-height-default\" data-id=\"c38b067\" data-element_type=\"section\" data-settings=\"{&quot;background_background&quot;:&quot;classic&quot;}\">\n\t\t\t\t\t\t\t<div class=\"elementor-background-overlay\"><\/div>\n\t\t\t\t\t\t\t<div class=\"elementor-container elementor-column-gap-default\">\n\t\t\t\t\t<div class=\"elementor-column elementor-col-100 elementor-top-column elementor-element elementor-element-4f26669d\" data-id=\"4f26669d\" data-element_type=\"column\">\n\t\t\t<div class=\"elementor-widget-wrap elementor-element-populated\">\n\t\t\t\t\t\t<div class=\"elementor-element elementor-element-62b16d61 elementor-widget elementor-widget-heading\" data-id=\"62b16d61\" data-element_type=\"widget\" data-widget_type=\"heading.default\">\n\t\t\t\t<div class=\"elementor-widget-container\">\n\t\t\t<h2 class=\"elementor-heading-title elementor-size-default\">Blog<\/h2>\t\t<\/div>\n\t\t\t\t<\/div>\n\t\t\t\t<div class=\"elementor-element elementor-element-1c4c481c elementor-widget elementor-widget-text-editor\" data-id=\"1c4c481c\" data-element_type=\"widget\" data-widget_type=\"text-editor.default\">\n\t\t\t\t<div class=\"elementor-widget-container\">\n\t\t\t\t\t\t\t<p>Home \/ <a href=\"#\">Blog<\/a><\/p>\t\t\t\t\t\t<\/div>\n\t\t\t\t<\/div>\n\t\t\t\t\t<\/div>\n\t\t<\/div>\n\t\t\t\t\t<\/div>\n\t\t<\/section>\n\t\t\t\t<section class=\"elementor-section elementor-top-section elementor-element elementor-element-bd5b428 elementor-section-boxed elementor-section-height-default elementor-section-height-default\" data-id=\"bd5b428\" data-element_type=\"section\">\n\t\t\t\t\t\t<div class=\"elementor-container elementor-column-gap-default\">\n\t\t\t\t\t<div class=\"elementor-column elementor-col-100 elementor-top-column elementor-element elementor-element-2d1b0036\" data-id=\"2d1b0036\" data-element_type=\"column\">\n\t\t\t<div class=\"elementor-widget-wrap elementor-element-populated\">\n\t\t\t\t\t\t<section class=\"elementor-section elementor-inner-section elementor-element elementor-element-53ab3856 elementor-section-boxed elementor-section-height-default elementor-section-height-default\" data-id=\"53ab3856\" data-element_type=\"section\">\n\t\t\t\t\t\t<div class=\"elementor-container elementor-column-gap-default\">\n\t\t\t\t\t<div class=\"elementor-column elementor-col-50 elementor-inner-column elementor-element elementor-element-17fbc3b\" data-id=\"17fbc3b\" data-element_type=\"column\">\n\t\t\t<div class=\"elementor-widget-wrap elementor-element-populated\">\n\t\t\t\t\t\t<div class=\"elementor-element elementor-element-db4c543 elementor-widget elementor-widget-heading\" data-id=\"db4c543\" data-element_type=\"widget\" data-widget_type=\"heading.default\">\n\t\t\t\t<div class=\"elementor-widget-container\">\n\t\t\t<h2 class=\"elementor-heading-title elementor-size-default\">Blog &amp; News<\/h2>\t\t<\/div>\n\t\t\t\t<\/div>\n\t\t\t\t<div class=\"elementor-element elementor-element-3c298673 elementor-widget elementor-widget-heading\" data-id=\"3c298673\" data-element_type=\"widget\" data-widget_type=\"heading.default\">\n\t\t\t\t<div class=\"elementor-widget-container\">\n\t\t\t<h3 class=\"elementor-heading-title elementor-size-default\">\u00daltimas novidades para nosso cliente.<\/h3>\t\t<\/div>\n\t\t\t\t<\/div>\n\t\t\t\t\t<\/div>\n\t\t<\/div>\n\t\t\t\t<div class=\"elementor-column elementor-col-50 elementor-inner-column elementor-element elementor-element-63947f66 elementor-hidden-mobile\" data-id=\"63947f66\" data-element_type=\"column\">\n\t\t\t<div class=\"elementor-widget-wrap elementor-element-populated\">\n\t\t\t\t\t\t<div class=\"elementor-element elementor-element-62349d1c elementor-widget elementor-widget-text-editor\" data-id=\"62349d1c\" data-element_type=\"widget\" data-widget_type=\"text-editor.default\">\n\t\t\t\t<div class=\"elementor-widget-container\">\n\t\t\t\t\t\t\t<p>Estamos sempre em busca de inova\u00e7\u00e3o e excel\u00eancia para atender \u00e0s necessidades em constante evolu\u00e7\u00e3o de nossos clientes. Por isso, temos o prazer de apresentar as mais recentes novidades em nossa linha de produtos e servi\u00e7os, desenvolvidas para proporcionar ainda mais efici\u00eancia, qualidade e praticidade em seus processos industriais.<\/p>\t\t\t\t\t\t<\/div>\n\t\t\t\t<\/div>\n\t\t\t\t\t<\/div>\n\t\t<\/div>\n\t\t\t\t\t<\/div>\n\t\t<\/section>\n\t\t\t\t<div class=\"elementor-element elementor-element-23e7d4e7 elementor-posts--align-left elementor-grid-3 elementor-grid-tablet-2 elementor-grid-mobile-1 elementor-posts--thumbnail-top elementor-widget elementor-widget-posts\" data-id=\"23e7d4e7\" data-element_type=\"widget\" data-settings=\"{&quot;classic_row_gap&quot;:{&quot;unit&quot;:&quot;px&quot;,&quot;size&quot;:30,&quot;sizes&quot;:[]},&quot;classic_columns&quot;:&quot;3&quot;,&quot;classic_columns_tablet&quot;:&quot;2&quot;,&quot;classic_columns_mobile&quot;:&quot;1&quot;,&quot;classic_row_gap_tablet&quot;:{&quot;unit&quot;:&quot;px&quot;,&quot;size&quot;:&quot;&quot;,&quot;sizes&quot;:[]},&quot;classic_row_gap_mobile&quot;:{&quot;unit&quot;:&quot;px&quot;,&quot;size&quot;:&quot;&quot;,&quot;sizes&quot;:[]}}\" data-widget_type=\"posts.classic\">\n\t\t\t\t<div class=\"elementor-widget-container\">\n\t\t\t\t\t<div class=\"elementor-posts-container elementor-posts elementor-posts--skin-classic elementor-grid\">\n\t\t\t\t<article class=\"elementor-post elementor-grid-item post-309 post type-post status-publish format-standard has-post-thumbnail hentry category-blog\">\n\t\t\t\t<a class=\"elementor-post__thumbnail__link\" href=\"https:\/\/intersan.ind.br\/?p=309\" tabindex=\"-1\" >\n\t\t\t<div class=\"elementor-post__thumbnail\"><img fetchpriority=\"high\" decoding=\"async\" width=\"1920\" height=\"1279\" src=\"https:\/\/intersan.ind.br\/wp-content\/uploads\/2024\/03\/Design-sem-nome-2024-03-05T170336.129.png\" class=\"attachment-full size-full wp-image-310\" alt=\"\" srcset=\"https:\/\/intersan.ind.br\/wp-content\/uploads\/2024\/03\/Design-sem-nome-2024-03-05T170336.129.png 1920w, https:\/\/intersan.ind.br\/wp-content\/uploads\/2024\/03\/Design-sem-nome-2024-03-05T170336.129-300x200.png 300w, https:\/\/intersan.ind.br\/wp-content\/uploads\/2024\/03\/Design-sem-nome-2024-03-05T170336.129-1024x682.png 1024w, https:\/\/intersan.ind.br\/wp-content\/uploads\/2024\/03\/Design-sem-nome-2024-03-05T170336.129-768x512.png 768w, https:\/\/intersan.ind.br\/wp-content\/uploads\/2024\/03\/Design-sem-nome-2024-03-05T170336.129-1536x1023.png 1536w\" sizes=\"(max-width: 1920px) 100vw, 1920px\" \/><\/div>\n\t\t<\/a>\n\t\t\t\t<div class=\"elementor-post__text\">\n\t\t\t\t<h3 class=\"elementor-post__title\">\n\t\t\t<a href=\"https:\/\/intersan.ind.br\/?p=309\" >\n\t\t\t\tSolu\u00e7\u00f5es Sustent\u00e1veis: Os Insumos Ecofriendly da INTERSAN\t\t\t<\/a>\n\t\t<\/h3>\n\t\t\t\t<div class=\"elementor-post__meta-data\">\n\t\t\t\t\t<span class=\"elementor-post-date\">\n\t\t\t5 de mar\u00e7o de 2024\t\t<\/span>\n\t\t\t\t<span class=\"elementor-post-avatar\">\n\t\t\tNenhum coment\u00e1rio\t\t<\/span>\n\t\t\t\t<\/div>\n\t\t\t\t<div class=\"elementor-post__excerpt\">\n\t\t\t<p>A  INTERSAN est\u00e1 comprometida com a sustentabilidade ambiental e oferece uma linha de insumos ecofriendly para a ind\u00fastria t\u00eaxtil. Neste artigo, exploramos os materiais reciclados e biodegrad\u00e1veis dispon\u00edveis, destacando seus benef\u00edcios e aplica\u00e7\u00f5es. Saiba como voc\u00ea pode adotar pr\u00e1ticas mais sustent\u00e1veis em sua empresa, reduzindo o impacto ambiental sem comprometer a qualidade de seus produtos. Descubra as solu\u00e7\u00f5es ecofriendly da  INTERSAN e fa\u00e7a parte dessa transforma\u00e7\u00e3o!<\/p>\n\t\t<\/div>\n\t\t\n\t\t<a class=\"elementor-post__read-more\" href=\"https:\/\/intersan.ind.br\/?p=309\" aria-label=\"Read more about Solu\u00e7\u00f5es Sustent\u00e1veis: Os Insumos Ecofriendly da INTERSAN\" tabindex=\"-1\" >\n\t\t\tSaiba Mais \u00bb\t\t<\/a>\n\n\t\t\t\t<\/div>\n\t\t\t\t<\/article>\n\t\t\t\t<article class=\"elementor-post elementor-grid-item post-305 post type-post status-publish format-standard has-post-thumbnail hentry category-blog\">\n\t\t\t\t<a class=\"elementor-post__thumbnail__link\" href=\"https:\/\/intersan.ind.br\/?p=305\" tabindex=\"-1\" >\n\t\t\t<div class=\"elementor-post__thumbnail\"><img decoding=\"async\" width=\"1920\" height=\"1279\" src=\"https:\/\/intersan.ind.br\/wp-content\/uploads\/2024\/03\/Design-sem-nome-2024-03-05T170029.859-1.png\" class=\"attachment-full size-full wp-image-307\" alt=\"\" srcset=\"https:\/\/intersan.ind.br\/wp-content\/uploads\/2024\/03\/Design-sem-nome-2024-03-05T170029.859-1.png 1920w, https:\/\/intersan.ind.br\/wp-content\/uploads\/2024\/03\/Design-sem-nome-2024-03-05T170029.859-1-300x200.png 300w, https:\/\/intersan.ind.br\/wp-content\/uploads\/2024\/03\/Design-sem-nome-2024-03-05T170029.859-1-1024x682.png 1024w, https:\/\/intersan.ind.br\/wp-content\/uploads\/2024\/03\/Design-sem-nome-2024-03-05T170029.859-1-768x512.png 768w, https:\/\/intersan.ind.br\/wp-content\/uploads\/2024\/03\/Design-sem-nome-2024-03-05T170029.859-1-1536x1023.png 1536w\" sizes=\"(max-width: 1920px) 100vw, 1920px\" \/><\/div>\n\t\t<\/a>\n\t\t\t\t<div class=\"elementor-post__text\">\n\t\t\t\t<h3 class=\"elementor-post__title\">\n\t\t\t<a href=\"https:\/\/intersan.ind.br\/?p=305\" >\n\t\t\t\tInova\u00e7\u00e3o e Efici\u00eancia: Os Novos Equipamentos de Desfibragem da INTERSAN\t\t\t<\/a>\n\t\t<\/h3>\n\t\t\t\t<div class=\"elementor-post__meta-data\">\n\t\t\t\t\t<span class=\"elementor-post-date\">\n\t\t\t5 de mar\u00e7o de 2024\t\t<\/span>\n\t\t\t\t<span class=\"elementor-post-avatar\">\n\t\t\tNenhum coment\u00e1rio\t\t<\/span>\n\t\t\t\t<\/div>\n\t\t\t\t<div class=\"elementor-post__excerpt\">\n\t\t\t<p>A APRESENTA\u00c7\u00c3O INTERSAN tem o prazer de apresentar seus mais recentes equipamentos de desfibragem, projetados para elevar a efici\u00eancia e a qualidade na recupera\u00e7\u00e3o de fibras t\u00eaxteis. Neste artigo, destacamos as caracter\u00edsticas e benef\u00edcios desses novos equipamentos, al\u00e9m de compartilhar casos de sucesso e depoimentos de clientes satisfeitos. Saiba como nossas solu\u00e7\u00f5es inovadoras podem impulsionar o desempenho de sua empresa e tornar seus processos ainda mais eficientes!<\/p>\n\t\t<\/div>\n\t\t\n\t\t<a class=\"elementor-post__read-more\" href=\"https:\/\/intersan.ind.br\/?p=305\" aria-label=\"Read more about Inova\u00e7\u00e3o e Efici\u00eancia: Os Novos Equipamentos de Desfibragem da INTERSAN\" tabindex=\"-1\" >\n\t\t\tSaiba Mais \u00bb\t\t<\/a>\n\n\t\t\t\t<\/div>\n\t\t\t\t<\/article>\n\t\t\t\t<article class=\"elementor-post elementor-grid-item post-301 post type-post status-publish format-standard has-post-thumbnail hentry category-blog\">\n\t\t\t\t<a class=\"elementor-post__thumbnail__link\" href=\"https:\/\/intersan.ind.br\/?p=301\" tabindex=\"-1\" >\n\t\t\t<div class=\"elementor-post__thumbnail\"><img decoding=\"async\" width=\"1920\" height=\"1279\" src=\"https:\/\/intersan.ind.br\/wp-content\/uploads\/2024\/03\/Design-sem-nome-2024-03-05T165612.842.png\" class=\"attachment-full size-full wp-image-302\" alt=\"\" srcset=\"https:\/\/intersan.ind.br\/wp-content\/uploads\/2024\/03\/Design-sem-nome-2024-03-05T165612.842.png 1920w, https:\/\/intersan.ind.br\/wp-content\/uploads\/2024\/03\/Design-sem-nome-2024-03-05T165612.842-300x200.png 300w, https:\/\/intersan.ind.br\/wp-content\/uploads\/2024\/03\/Design-sem-nome-2024-03-05T165612.842-1024x682.png 1024w, https:\/\/intersan.ind.br\/wp-content\/uploads\/2024\/03\/Design-sem-nome-2024-03-05T165612.842-768x512.png 768w, https:\/\/intersan.ind.br\/wp-content\/uploads\/2024\/03\/Design-sem-nome-2024-03-05T165612.842-1536x1023.png 1536w\" sizes=\"(max-width: 1920px) 100vw, 1920px\" \/><\/div>\n\t\t<\/a>\n\t\t\t\t<div class=\"elementor-post__text\">\n\t\t\t\t<h3 class=\"elementor-post__title\">\n\t\t\t<a href=\"https:\/\/intersan.ind.br\/?p=301\" >\n\t\t\t\tA Import\u00e2ncia da Reciclagem de Fibras T\u00eaxteis na Ind\u00fastria\t\t\t<\/a>\n\t\t<\/h3>\n\t\t\t\t<div class=\"elementor-post__meta-data\">\n\t\t\t\t\t<span class=\"elementor-post-date\">\n\t\t\t5 de mar\u00e7o de 2024\t\t<\/span>\n\t\t\t\t<span class=\"elementor-post-avatar\">\n\t\t\tNenhum coment\u00e1rio\t\t<\/span>\n\t\t\t\t<\/div>\n\t\t\t\t<div class=\"elementor-post__excerpt\">\n\t\t\t<p>A reciclagem de fibras t\u00eaxteis \u00e9 um tema cada vez mais relevante na ind\u00fastria, n\u00e3o apenas pelo impacto positivo no meio ambiente, mas tamb\u00e9m pelas vantagens econ\u00f4micas e sociais que proporciona. Neste artigo, exploramos a import\u00e2ncia e os benef\u00edcios da reciclagem de fibras t\u00eaxteis, al\u00e9m de destacar as solu\u00e7\u00f5es e tecnologias oferecidas pela  INTERSAN para auxiliar as empresas nesse processo. Descubra como a reciclagem de fibras pode contribuir para a sustentabilidade e o sucesso de sua empresa!<\/p>\n\t\t<\/div>\n\t\t\n\t\t<a class=\"elementor-post__read-more\" href=\"https:\/\/intersan.ind.br\/?p=301\" aria-label=\"Read more about A Import\u00e2ncia da Reciclagem de Fibras T\u00eaxteis na Ind\u00fastria\" tabindex=\"-1\" >\n\t\t\tSaiba Mais \u00bb\t\t<\/a>\n\n\t\t\t\t<\/div>\n\t\t\t\t<\/article>\n\t\t\t\t<\/div>\n\t\t\n\t\t\t\t<\/div>\n\t\t\t\t<\/div>\n\t\t\t\t\t<\/div>\n\t\t<\/div>\n\t\t\t\t\t<\/div>\n\t\t<\/section>\n\t\t\t\t<\/div>\n\t\t","protected":false},"excerpt":{"rendered":"<p>Blog Home \/ Blog Blog &#038; News \u00daltimas novidades para nosso cliente. Estamos sempre em busca de inova\u00e7\u00e3o e excel\u00eancia para atender \u00e0s necessidades em constante evolu\u00e7\u00e3o de nossos clientes. Por isso, temos o prazer de apresentar as mais recentes novidades em nossa linha de produtos e servi\u00e7os, desenvolvidas para proporcionar ainda mais efici\u00eancia, qualidade [&hellip;]<\/p>\n","protected":false},"author":2,"featured_media":0,"parent":0,"menu_order":0,"comment_status":"closed","ping_status":"closed","template":"","meta":{"footnotes":""},"class_list":["post-279","page","type-page","status-publish","hentry"],"_links":{"self":[{"href":"https:\/\/intersan.ind.br\/index.php?rest_route=\/wp\/v2\/pages\/279","targetHints":{"allow":["GET"]}}],"collection":[{"href":"https:\/\/intersan.ind.br\/index.php?rest_route=\/wp\/v2\/pages"}],"about":[{"href":"https:\/\/intersan.ind.br\/index.php?rest_route=\/wp\/v2\/types\/page"}],"author":[{"embeddable":true,"href":"https:\/\/intersan.ind.br\/index.php?rest_route=\/wp\/v2\/users\/2"}],"replies":[{"embeddable":true,"href":"https:\/\/intersan.ind.br\/index.php?rest_route=%2Fwp%2Fv2%2Fcomments&post=279"}],"version-history":[{"count":10,"href":"https:\/\/intersan.ind.br\/index.php?rest_route=\/wp\/v2\/pages\/279\/revisions"}],"predecessor-version":[{"id":336,"href":"https:\/\/intersan.ind.br\/index.php?rest_route=\/wp\/v2\/pages\/279\/revisions\/336"}],"wp:attachment":[{"href":"https:\/\/intersan.ind.br\/index.php?rest_route=%2Fwp%2Fv2%2Fmedia&parent=279"}],"curies":[{"name":"wp","href":"https:\/\/api.w.org\/{rel}","templated":true}]}}